. What is u(-4)?
-5
Let d(t) = 2*t**3 - 13*t**2 + 5*t + 8. Calculate d(6).
2
Let s(j) = j**2 - 62*j - 639. Give s(-9).
0
Let w(s) = -s**2 - 4. Determine w(0).
-4
Let x(m) = -29*m**3 + 2*m**2 + 2*m + 1. What is x(-1)?
30
Let y(a) = -a - 27. What is y(-19)?
-8
Let c(u) = -15*u - 114. Give c(-8).
6
Let n(g) = -56*g - 115. Determine n(-2).
-3
Let n(l) = -l**2 + 7*l + 20. What is n(9)?
2
Let a(c) = -2*c + 19. Determine a(10).
-1
Let r(w) = w - 2. What is r(2)?
0
Let o(r) = -3*r**2 - 29*r + 2. Give o(-9).
20
Let x(h) = 11*h + 7. What is x(-1)?
-4
Let n(j) = -j**3 + 4*j**2 + 5*j - 7. What is n(5)?
-7
Let v(y) = -29*y + 149. Calculate v(5).
4
Let m(q) = q**2 - 9*q + 11. What is m(8)?
3
Let d(z) = 5*z - 188. Determine d(36).
-8
Let h(k) = 2*k**3 + 4*k**2 - k. Determine h(-2).
2
Let o(p) = -p**3 - p**2 - 11*p + 96. Give o(0).
96
Let n(g) = -3*g**2 + 9*g + 22. What is n(-2)?
-8
Let v(g) = g**3 - 6*g**2 - 9*g + 9. Calculate v(7).
-5
Let h(p) = -p**3 + 11*p**2 - 6*p + 8. Give h(9).
116
Let h(b) = -4*b**3 + 2*b**2 - 5*b + 2. What is h(1)?
-5
Let q(l) = -l + 6. Calculate q(12).
-6
Let u(x) = -x**3 - 17*x**2 - 16*x - 16. What is u(-16)?
-16
Let q(r) = 12*r**2 + r + 2. Determine q(-1).
13
Let z(d) = d**2 - 26*d - 15. What is z(29)?
72
Let k(c) = c**3 + 7*c**2 - c - 7. Give k(0).
-7
Let u(z) = z**3 - 6*z**2 + z + 5. Give u(6).
11
Let z(v) = -v**3 + 8*v**2 - 4*v - 10. Calculate z(8).
-42
Let g(m) = -5*m - 54. Determine g(-9).
-9
Let c(f) = -f**3 - 26*f**2 + f + 9. What is c(-26)?
-17
Let y(i) = -2*i. Calculate y(5).
-10
Let u(i) = -3*i**2 + 41*i + 12. Calculate u(10).
122
Let j(h) = -12*h + 3. Give j(2).
-21
Let b(p) = -12*p**2 - p + 1. Give b(-2).
-45
Let l(b) = -b**3 - 9*b**2 + 8*b - 31. Give l(-10).
-11
Let x(y) = 4*y - 11. Calculate x(4).
5
Let n(c) = c**3 - c**2 + 3*c - 1. What is n(-3)?
-46
Let u(f) = 3*f - 173. What is u(56)?
-5
Let v(h) = h - 2. Calculate v(-5).
-7
Let c(g) = g**2 + 16*g + 12. Give c(-9).
-51
Let k(l) = -l**2 + 11*l - 8. Calculate k(14).
-50
Let v(c) = -8*c + 12. Calculate v(-7).
68
Let z(x) = -x**2 + 19. What is z(0)?
19
Let n(x) = x**2 + 2*x - 1. Calculate n(-2).
-1
Let t(z) = -z**3 + 8*z**2 + 12*z - 10. What is t(8)?
86
Let n(q) = q**3 + 13*q**2 + q + 15. Give n(-13).
2
Let r(j) = -j**2 - 5*j + 33. Calculate r(-8).
9
Let u(x) = -x**2 + 16*x + 2. What is u(16)?
2
Let v(d) = -9*d - 3. Calculate v(-1).
6
Let b(f) = -f**3 - 14*f**2 + 13*f - 27. Calculate b(-15).
3
Let v(y) = y**3 + 4*y**2 + 6*y + 9. Calculate v(-4).
-15
Let b(x) = -8*x + 43. Give b(5).
3
Let n(g) = -g**3 - 19*g**2 + 21*g - 4. What is n(-20)?
-24
Let a(c) = 2*c**3 - 2*c**2 + 2*c. Calculate a(1).
2
Let b(u) = u**3 + 17*u**2 + 13*u - 38. Calculate b(-16).
10
Let j(d) = -d**2 + 57*d - 657. Give j(41).
-1
Let u(w) = -w**2 + 8*w - 6. Determine u(7).
1
Let o(x) = 3*x**2 + 37*x + 18. Determine o(-12).
6
Let m(y) = 3*y**2 - 2*y + 2. What is m(2)?
10
Let f(g) = g. Determine f(-3).
-3
Let h(o) = 2*o**2 - 6*o + 1. What is h(3)?
1
Let o(f) = -f**2 + 9*f - 10. Give o(4).
10
Let c(u) = 4*u - 4. Calculate c(3).
8
Let t(i) = 3*i - 21. Determine t(12).
15
Let n(k) = -k**3 + 36*k**2 - 2*k + 69. Determine n(36).
-3
Let i(j) = j**3 + 30*j**2 - 33*j - 94. Determine i(-31).
-32
Let q(n) = -n**2 - 4*n + 3. Determine q(-5).
-2
Let t(a) = a**2 + 6*a + 1. What is t(-7)?
8
Let o(s) = 2*s**3 - 7*s**2 - 3*s + 2. Determine o(-1).
-4
Let f(g) = -6*g**2 - g - 3. Give f(3).
-60
Let d(y) = 2*y - 38. Determine d(18).
-2
Let x(b) = b**2 + 20*b + 125. Give x(-11).
26
Let i(g) = g**3 + 28*g**2 - 33*g - 114. Calculate i(-29).
2
Let c(l) = -l**3 - 6*l**2 + 7*l + 9. Determine c(-7).
9
Let f(x) = -4*x + 1. Give f(-5).
21
Let z(g) = 26*g**3 - g**2 + 3*g - 2. Give z(1).
26
Let h(a) = 5*a + 58. What is h(-13)?
-7
Let s(h) = 2*h**3 - h**2 - 3*h - 2. Give s(3).
34
Let x(v) = v + 6. Determine x(3).
9
Let c(r) = r**2 + 17*r + 1. Calculate c(-18).
19
Let x(p) = p - 30. Calculate x(14).
-16
Let a(d) = 9*d + 84. Calculate a(-9).
3
Let s(g) = -307*g + 3. What is s(0)?
3
Let a(r) = 9*r + 158. Calculate a(-17).
5
Let h(n) = n**2 + 10*n + 3. Determine h(-11).
14
Let a(d) = 2*d**2 + 3*d + 6. Calculate a(-4).
26
Let p(y) = -y**3 + 12*y + 18. Calculate p(4).
2
Let w(a) = -a**3 + 4*a**2 + 5*a + 1. Give w(5).
1
Let q(x) = -x**2 + 7*x - 4. Give q(9).
-22
Let d(h) = -h**2 + 9*h - 2. What is d(9)?
-2
Let r(u) = u**2 + 3*u - 13. What is r(9)?
95
Let j(w) = w**2 - w - 14. What is j(0)?
-14
Let x(a) = -2*a - 8. Determine x(-6).
4
Let n(c) = c**3 + 18*c**2 + 10. What is n(-18)?
10
Let v(a) = -a**3 + 9*a**2 - 10*a + 28. Give v(8).
12
Let j(g) = g**2 + 11*g + 6. Determine j(-11).
6
Let l(g) = 2*g**3 - 35*g**2 - 15*g - 59. What is l(18)?
-5
Let c(o) = -o**2 - 81*o - 369. Calculate c(-5).
11
Let g(a) = 38*a + 178. Calculate g(-7).
-88
Let l(g) = -g**3 - 12*g**2 - 12*g + 1. Give l(-11).
12
Let z(a) = a**3 + 15*a**2 - 2*a - 5. Determine z(-15).
25
Let f(d) = d**2 + 18*d - 172. Calculate f(7).
3
Let i(q) = q**3 - 9*q**2 + q + 10. What is i(9)?
19
Let a(t) = t**3 + 6*t**2 - 10*t - 4. Give a(-7).
17
Let r(y) = y**3 - 16*y**2 + y - 19. Determine r(16).
-3
Let t(j) = 4*j**2 - 7*j - 4. Give t(-2).
26
Let v(s) = -s**3 - 6*s**2 - 10*s - 14. Calculate v(-5).
11
Let i(x) = -5*x - 9. What is i(0)?
-9
Let a(z) = z**2 - 13*z - 10. Calculate a(14).
4
Let t(f) = -f + 25. Give t(23).
2
Let p(l) = l**3 + 6*l**2 + 2*l - 3. Calculate p(-5).
12
Let n(h) = 10*h**3 + h**2 - 1. Calculate n(1).
10
Let d(j) = j**3 + 3*j**2 - 9*j - 1. Give d(-5).
-6
Let j(m) = 9*m**3 - 2*m**2 - 7*m + 3. Determine j(2).
53
Let t(l) = l**2 + l - 2. What is t(5)?
28
Let h(d) = -d**3 - 8*d**2 - 3*d - 4. Determine h(-8).
20
Let d(o) = o + 1. Determine d(-14).
-13
Let o(f) = 2*f**2 + 13*f - 86. What is o(4)?
-2
Let j(h) = -h**3 + 11*h**2 + 3*h + 27. What is j(11)?
60
Let z(w) = -w**3 - 14*w**2 + 12*w - 49. Give z(-15).
-4
Let m(q) = -q**2 - 33*q + 433. Calculate m(10).
3
Let i(y) = -y**3 - 14*y**2 + 2*y + 8. What is i(-14)?
-20
Let v(k) = 12*k**2 - 2*k + 1. Determine v(1).
11
Let y(z) = -z**2 - z - 25. Determine y(-5).
-45
Let x(y) = 2*y + 6. Determine x(-1).
4
Let x(p) = 14*p + 194. Give x(-14).
-2
Let x(p) = 5*p**3 + p**2 - p - 1. Give x(-1).
-4
Let r(n) = -15*n + 51. Give r(3).
6
Let t(r) = -2*r**3 + 24*r**2 - 20*r - 32. What is t(11)?
-10
Let a(l) = -l**2 + 57*l + 60. Calculate a(58).
2
Let y(d) = d**3 - 2*d - 2. Give y(3).
19
Let g(o) = o**2 - 14*o + 48. What is g(11)?
15
Let o(r) = -r**2 + 12*r - 23. Calculate o(3).
4
Let v(u) = -u**3 + 6*u**2 - 4*u. What is v(5)?
5
Let i(q) = 2*q**2 - 6*q - 8. What is i(-5)?
72
Let x(m) = 2*m**3 + 10*m**2 + 7*m - 4. What is x(-4)?
0
Let j(p) = -p**3 - 10*p**2 - 9*p - 31. Give j(-9).
-31
Let m(i) = 4*i + 92. Calculate m(-22).
4
Let x(b) = -b**3 - 4*b**2 + 4*b + 7. What is x(-4)?
-9
Let t(a) = -6*a - 7. Determine t(-2).
5
Let g(z) = -2*z - 80. Give g(-41).
2
Let h(n) = n**3 - 18*n**2 + 17*n - 5. What is h(17)?
-5
Let c(k) = k**2 - k - 157. Determine c(13).
-1
Let t(r) = -3*r**2 + 17*r - 14. Determine t(7).
-42
Let k(u) = 46*u**2. Give k(-1).
46
Let u(c) = c**3 - 4*c**2 - 7*c + 15. What is u(5)?
5
Let g(k) = k + 30. Determine g(-29).
1
Let f(m) = m**2 - 13*m + 28. Give f(11).
6
Let f(j) = -j**2 - 18*j + 4. What is f(-18)?
4
Let d(v) = 22*v - 104. Determine d(7).
50
Let a(l) = -l**3 - 5*l**2 + 4*l - 26. Give a(-6).
-14
Let m(n) = 2*n**3 + 5*n**2 - 3*n - 6. Determine m(-3).
-6
Let d(r) = -r**2 - 7*r. Determine d(-8).
-8
Let s(a) = 12*a - 325. Give s(27).
-1
Let u(o) = o**3 - 9*o**2 - 14*o + 4. What is u(10)?
-36
Let t(g) = -16*g + 12. Give t(3).
-36
Let p(u) = u**3 - 6*u**2 + 4*u. Give p(5).
-5
Let y(x) = x**2 - 2*x + 6. Give y(0).
6
Let l(u) = u**2 + 5*u + 5. What is l(-7)?
19
Let t(v) = -v**3 + 18*v**2 - 15*v - 10. What is t(17)?
24
Let o(n) = -4*n + 2. Give o(-1).
6
Let l(r) = r - 3. Calculate l(-20).
-23
Let u(l) = -26*l - 2. Give u(0).
-2
Let u(c) = c + 11. Give u(-19).
-8
Let x(g) = -21*g - 15. Calculate x(-3).
48
Let g(a) = -4*a**3 - 2*a**2 + 4*a + 5. Calculate g(-2).
21
Let b(y) = y**3 + 7*y**2 + y + 12. Calculate b(-7).
5
Let m(p) = 2*p. Give m(8).
16
Let r(n) = -n**3 + 21*n**2 + 22*n + 19. Give r(22).
19
Let x(u) = -5*u - 14. Determine x(-5).
11
Let t(i) = -2*i**3 - 4*i**2 - 2*i - 2. What is t(-3)?
22
Let c(j) = 3*j + 10. What is c(9)?
37
Let 